he highest common factor of 90 and s.
10
Let n = 130 + -126. Suppose -17 = n*u + 2*w + 1, 4*w + 11 = -3*u. Let r be (-7)/((2/u)/(2 - -6)). Calculate the greatest common divisor of 14 and r.
14
Suppose o - 5*l + 3*l = 32, -3*o = -l - 106. Calculate the greatest common divisor of o and 198.
18
Let u(b) = -293*b + 32. Let z be u(-1). What is the highest common divisor of z and 104?
13
Let y(x) = -x**2 - x - 1. Let m(g) = -g**3 + 14*g**2 - 8*g - 8. Let a(i) = -m(i) + 5*y(i). Let n be a(19). What is the greatest common factor of n and 30?
30
Let t = -5 + 7. Let p be (4/3)/(t/15). Let l(g) = 3*g**2 + 19*g + 100. Let o be l(-5). What is the greatest common factor of p and o?
10
Suppose -25*o - 128 + 3 = 0. Let y be (-1047)/o - (-33)/55. Calculate the greatest common divisor of y and 15.
15
Let i be (-21)/((-63)/114) + -3. Calculate the greatest common factor of 623 and i.
7
Let n = 1101 + 164. What is the greatest common divisor of 165 and n?
55
Suppose 38*p - 9*p - 125280 = 5*p. What is the greatest common factor of p and 120?
60
Let r(f) = f**3 + f**2 - 33*f - 223. Let w be r(9). Calculate the highest common factor of 180 and w.
10
Let t = 54 - 28. Suppose 84 = t*f - 5*f. What is the highest common factor of 22 and f?
2
Suppose 0 = i - 7*i. Suppose i*u - 9*u - 9 = 0. Let z(q) = -20*q**3 + 2*q**2 + q. Let k be z(u). What is the highest common divisor of k and 147?
21
Let n(g) = g**3 - 11*g**2 + 125*g - 958. Let p be n(9). Calculate the highest common factor of p and 4915.
5
Suppose 2*w = u + 7*w - 22, 2*w = 8. Let a be (3 - 6 - -3)/u. Let s be (0 + a - -9)/(2/14). Calculate the highest common factor of s and 18.
9
Suppose -18*b + 22*b = -16. Let p be (b + 2)*1*(4 + -8). Calculate the highest common factor of 232 and p.
8
Let r(d) = d**3 + 12*d**2 + 7*d + 8. Let c be r(-8). Let o be (-8 - 1152/(-112))/(1/7). What is the greatest common factor of o and c?
16
Let v = 295 - 291. Suppose -324 = -v*u + 56. What is the highest common factor of 76 and u?
19
Let h = 576 + -573. Let y(l) = l**3 - l**2 + 8*l - 3. Let o be y(h). What is the greatest common divisor of 117 and o?
39
Let b(y) = -64*y + 922. Let k be b(14). Calculate the greatest common factor of k and 2834.
26
Suppose 5*c - 883 = -203. Suppose -4*f + 452 + c = 0. Let b = -48 + 97. Calculate the highest common divisor of b and f.
49
Suppose 0 = g - 2, 2*t + 2*t = -g - 170. Suppose -43*w - 655 = 721. Let o = w - t. What is the greatest common factor of o and 77?
11
Let p(z) = -z**2 - 8*z - 23. Let x be p(-5). Let w be (-520)/(-13) - (x/(-4) - 2). Calculate the highest common factor of 85 and w.
5
Suppose -o + 40 = -0*o. Let j(n) = 11*n - 280 - 33*n - 94 - 74*n. Let h be j(-4). What is the greatest common divisor of o and h?
10
Suppose 35*v - 3*m + 261 = 36*v, 0 = 14*m + 42. Let o(b) = -29*b + 1. Let a be o(-1). Calculate the highest common factor of v and a.
30
Suppose 1411 + 1482 = 17*u + 1057. What is the greatest common divisor of 1548 and u?
36
Let u be (-42)/((-6)/1)*(5 + -3). Let m(n) = -n**2 + 23*n - 10. Let r be m(u). What is the greatest common factor of r and 58?
58
Suppose 4*r - 12 = 244. Let n = -62253 + 62349. Calculate the highest common divisor of n and r.
32
Let j(y) = -4*y**2 - 112*y + 30. Let b be j(-28). Let g = b - 5. Calculate the highest common factor of 275 and g.
25
Let z be (8692/(-410))/(2/(-55)). What is the highest common divisor of 176 and z?
11
Let x = 19285 + -19259. Calculate the greatest common factor of 2054 and x.
26
Let b = -38 - -35. Let a(i) = -3*i**3 + 5*i - 5. Let r be a(b). Let s = r - 52. Calculate the highest common factor of 3 and s.
3
Let m = 330 + -322. Suppose -5*l - m = k, l - 11 - 33 = -4*k. Calculate the greatest common divisor of k and 24.
12
Let t be 1/2*8/(-12)*-9. Let c be (t/(-9))/(-1*(-1)/(-63)). Suppose 7*w = 5*w + 42. Calculate the greatest common divisor of w and c.
21
Let x be (5 + (-190)/50)/((-10)/(-575)). Calculate the greatest common factor of 27 and x.
3
Let h = 2307 - 2259. What is the greatest common divisor of h and 216?
24
Suppose 5*x + 96 = -6*v + 9*v, 5*v - 3*x - 144 = 0. Let d be (-1 - 1)*-2 + 2. Calculate the greatest common factor of d and v.
3
Let f(p) = 3*p + 87. Let l be f(-13). Let x(h) = 3*h + 81. Let q be x(-9). What is the greatest common divisor of q and l?
6
Let i be 1 - ((-3712)/(-10) - (-36)/45). Let d = 722 + i. Calculate the greatest common factor of 13 and d.
13
Let u be 8/(-10)*435/(-2). Let z(a) = -a**3 - 34*a**2 + 5*a + 176. Let l be z(-34). What is the highest common divisor of u and l?
6
Suppose -3*g = -9*w + 5*w + 885, 4 = 4*g. Let x = w - 159. What is the highest common factor of 45 and x?
9
Let w(t) = 8*t + 10. Let l be w(-1). Suppose -3*c - 3*a + 459 = 0, 0 = 3*c - 8*c - l*a + 774. Calculate the greatest common divisor of c and 36.
12
Let f be (-700)/40*(-2)/1. Let u = -29 + 29. Suppose u = -3*i + 47 - 5. What is the greatest common divisor of f and i?
7
Let d(l) = -2*l**2 - 9 - 212*l - 12*l + l**3 + 221*l. Suppose -5*b = -28 + 8. Let u be d(b). Calculate the highest common divisor of 55 and u.
11
Let v = -38 - -43. Suppose 1 = -p, v*p - 25 = -u - u. What is the highest common divisor of 10 and u?
5
Let s(a) = -a**3 + 3*a**2 + 9*a - 18. Suppose -5*y + 3*x + 23 = 0, -3*x = y + x. Let q be s(y). Calculate the greatest common divisor of q and 16.
2
Let n be -3*(-4)/9*(-6)/(-4). Suppose -45 + 161 = n*r. Let d(a) = a**3 - 4*a**2 + a - 9. Let w be d(7). Calculate the highest common divisor of r and w.
29
Suppose -5*r - 4*u + 118 = 0, 3*u - 14 = -4*r + 80. Suppose r*q = 25*q - 72. Calculate the highest common factor of 168 and q.
24
Let s = -40 + 56. Suppose 5*n - 22 = -3*t, 2*t + 2*t = 2*n + 12. Suppose 5*g + 22 = 6*g + 4*z, -n*z + 10 = 0. What is the highest common factor of s and g?
2
Let q(m) = 2*m**2 + 24*m + 19. Let v be q(-11). Let d be (v/2)/((-2)/28). What is the highest common factor of 21 and d?
21
Suppose -4*s - v = -900, -4*v - 354 = -s - 129. What is the highest common factor of s and 1275?
75
Let k(t) = -2*t**3 - 73*t**2 + 111*t + 243. Let f be k(-38). Calculate the greatest common divisor of f and 2346.
51
Let x(u) = 11 - 24*u + u**2 + 0*u**2 - 24. Let r be x(24). Let t = r - -52. Calculate the highest common factor of 78 and t.
39
Let s = -31 + 34. Suppose s = -3*h + 9. What is the highest common factor of 10 and h?
2
Suppose -g + 56 = 15*w - 10*w, -3*g + 156 = 3*w. Let z(b) = -153*b**3 - 7*b**2 - 7*b. Let y be z(-1). Calculate the highest common divisor of y and g.
51
Suppose 936*h - 24440 = 832*h. Calculate the greatest common factor of 2726 and h.
47
Let k = 188 + -108. Suppose -7*h = -2*h - k. Let f = -10 + h. What is the greatest common factor of 18 and f?
6
Suppose -27*s - 18630 = -96*s. Let w(y) = y + 18. Let v be w(-8). Calculate the highest common divisor of v and s.
10
Let h = 63 + 41. Let s be ((-9)/(-3))/(-3)*2. Let v be (8/4 - 4)*26/s. What is the greatest common divisor of v and h?
26
Let j be 6*(39/(-117))/((-1)/936). What is the highest common divisor of 520 and j?
104
Let m = 224 + -48. Suppose 11*d - 224 - 18 = 0. Suppose 0 = 4*t - 42 - d. Calculate the highest common factor of t and m.
16
Suppose -22*d + 54 = -16*d. Let k be d/(-27) + 3*12/27. Let m be -4*-1*2*1. Calculate the highest common factor of k and m.
1
Let h be 3 - (-38 + (-5 - -3)). Let g be (-338611)/63 - (-4)/(-18). Let f be g/(-50)*(12/(-3))/(-2). Calculate the greatest common divisor of h and f.
43
Let b be (-4)/6*5/10 + (-9584)/(-24). Calculate the greatest common divisor of b and 42.
21
Let n(t) = 7*t - 160 - 175 + 351 - 3*t. Let x = 17 - 13. Let c be n(x). What is the greatest common divisor of 8 and c?
8
Suppose 3*z + 19 = 4*z - m, 4*z - 5*m - 81 = 0. Let r be 4/(-10) + 4998/70. Let h = r + -43. What is the greatest common factor of z and h?
14
Let g(o) = o**3 + 22*o**2 + 36*o - 46. Let r be g(-20). Let z = 344 - 310. Calculate the highest common factor of r and z.
34
Let z be (9 - 728)*(-11 - 2). Calculate the highest common divisor of 26 and z.
13
Let i(x) = 10*x**3 - 2*x**2 - 2*x + 2. Let y be i(2). Suppose -26*n + 6938 + 5321 = -7761. Calculate the greatest common divisor of n and y.
70
Let u be 336/84*(1 + 46 - 1). Calculate the greatest common factor of 1748 and u.
92
Suppose -22151 = 145*a - 692